{"id":12976,"date":"2025-09-19T18:05:44","date_gmt":"2025-09-19T16:05:44","guid":{"rendered":"http:\/\/alexisguenault.com\/?page_id=12976"},"modified":"2025-09-19T18:13:03","modified_gmt":"2025-09-19T16:13:03","slug":"les-restes-du-temps","status":"publish","type":"page","link":"http:\/\/alexisguenault.com\/?page_id=12976","title":{"rendered":"LES RESTES DU TEMPS"},"content":{"rendered":"\n<h2 class=\"wp-block-heading\" style=\"font-size:22px;font-style:normal;font-weight:300\">Les restes du temps \/ R\u00e9flexions autour des \u00e9conomies artistiques<\/h2>\n\n\n\n<div class=\"guten-element guten-spacer guten-pdcwY6\"><\/div>\n\n\n\n<p>Au sein de la crise actuelle que subit notre&nbsp;\u00e9cosyst\u00e8me \u2013 que l\u2019on nomme <em>\u00e9conomie politique<\/em> &#8211; il semble que la cat\u00e9gorie qu\u2019on appelle \u00ab&nbsp;Culture&nbsp;\u00bb ait perdu sa majuscule, la crise sanitaire r\u00e9cente ayant vid\u00e9 momentan\u00e9ment les lieux consacr\u00e9s de leurs publics.<\/p>\n\n\n\n<p>Pourtant, au-del\u00e0 de ce constat am\u00e8re, on peut se demander si cette crise dite sanitaire ne r\u00e9v\u00e8le pas les failles d\u2019une id\u00e9ologie qui, \u00e0 grands renforts de grands mots \u2013 pour ne pas dire de gros mots \u2013 pose paradoxalement l\u2019excellence culturelle (pour certains avec un grand \u00ab&nbsp;C&nbsp;\u00bb) comme ind\u00e9fectiblement li\u00e9e \u00e0 la pr\u00e9carisation temporelle et \u00e9conomique de ses acteurs. Cet \u00e9norme paradoxe semble \u00eatre devenu une \u00e9vidence, un \u00e9tat naturel, faisant de ce mot fourre-tout qu\u2019est LA CULTURE (alliance implicite du \u00ab&nbsp;Grand mot&nbsp;\u00bb et de la forme pr\u00e9caire de son \u00e9laboration)&nbsp;un des gros mots les plus partag\u00e9s.<\/p>\n\n\n\n<p>Dans les discours officiels, cette \u00ab&nbsp;culture&nbsp;\u00bb se consomme. Pour les \u00ab&nbsp;publics&nbsp;\u00bb, cette cat\u00e9gorie correspond, temporellement parlant, au temps des loisirs&nbsp;: on se d\u00e9place pour voir une exposition, assister \u00e0 une pi\u00e8ce de th\u00e9\u00e2tre ou voir un film pendant son temps dit \u00ab&nbsp;libre&nbsp;\u00bb, temporalit\u00e9 cens\u00e9e \u00eatre abstraite de toute contrainte \u00ab&nbsp;productive&nbsp;\u00bb .<\/p>\n\n\n\n<p>Et si ce que l\u2019on va voir ou entendre a bien une r\u00e9alit\u00e9 concr\u00e8te \u2013 sonnante et tr\u00e9buchante, pour reprendre quelques termes mon\u00e9taires \u2013 c\u2019est que ce qui est \u00e0 voir ou \u00e0 entendre a bien \u00e9t\u00e9 PRODUIT. Ceci implique donc que ces \u00ab&nbsp;produits&nbsp;\u00bb sont le fruit d\u2019un travail [concret]. Et ceux qui produisent l\u2019essentiel de ces \u00ab&nbsp;objets culturels&nbsp;\u00bb &#8211; voire \u00ab&nbsp;cultuels&nbsp;\u00bb &#8211; sont, bien \u00e9videmment \u2013 et vous l\u2019aurez compris \u2013 les artistes. <\/p>\n\n\n\n<p>Or, le constat est sans appel : ces producteurs d&rsquo;objets artistiques &#8211; objets dont l&rsquo;essence est de devenir \u00ab\u00a0choses publiques\u00a0\u00bb &#8211; sont reconnus comme pr\u00e9caires, et ce malgr\u00e9 l&rsquo;aura sociale dont ils sont envelopp\u00e9 (la fameuse exception culturelle).   <\/p>\n\n\n\n<p>Si l&rsquo;artiste-pr\u00e9caire travaille &#8211; sans doute possible &#8211; il semble malgr\u00e9 tout difficile aujourd&rsquo;hui de consid\u00e9rer ce producteur comme \u00ab\u00a0travailleur\u00a0\u00bb.<\/p>\n\n\n\n<p>Quelque chose coince, c&rsquo;est certain ! <\/p>\n\n\n\n<p><em>Les restes du temps<\/em> est une suite de notes et r\u00e9flexions qui questionnent &#8211; parfois jusqu&rsquo;\u00e0 l&rsquo;absurde &#8211; l&rsquo;\u00e9conomie concr\u00e8te de la production artistique au regard de son \u00e9conomie abstraite, ceci \u00e0 partir du cadre aujourd&rsquo;hui rendu \u00ab\u00a0naturel\u00a0\u00bb au sein duquel cette cat\u00e9gorie sociale que nous appelons \u00ab\u00a0artiste\u00a0\u00bb \u00e9volue. <\/p>\n\n\n\n<p>Alors si nous pouvons consid\u00e9rer cet \u00ab\u00a0artiste\u00a0\u00bb comme un des protagonistes d&rsquo;une histoire sociale en cours &#8211; celui-ci \u00e9tant descendu de sa tour d&rsquo;ivoire &#8211; il est certain que l&rsquo;enjeu de ces questions artistiques se situe bien au del\u00e0 de leur singularit\u00e9, servant ici peut-\u00eatre de levier \u00e0 la question primordiale du rapport entre la temporalit\u00e9 productive sociale et la mani\u00e8re dont celle-ci se construit et se remplit &#8211; que produire et comment &#8211; permettant peut-\u00eatre enfin de d\u00e9passer l&rsquo;injonction permanente qui est faite \u00e0 notre \u00e9gard, implicitement transmise sous forme de po\u00e9sie cynique&nbsp;: <em>\u00ab&nbsp;Productivisme, mon amour\u2026&nbsp;\u00bb<\/em> !<\/p>\n\n\n\n<div class=\"guten-element guten-spacer guten-9jJdRj\"><\/div>\n\n\n\n<div class=\"guten-element guten-uilgVf guten-icon-box icon-position-undefined\"><a class=\"\" href=\"http:\/\/alexisguenault.com\/?page_id=12944\"><div class=\"guten-icon-box-wrapper hover-from-left\"><div class=\"icon-box icon-box-header\"><div class=\"icon bg-style-color\"><i class=\"fas fa-align-justify icon-style-color\"><\/i><\/div><\/div><div class=\"icon-box icon-box-body\"><h2 class=\"title\"># 1<\/h2><p class=\"icon-box-description\">De la pr\u00e9carit\u00e9 en terre artistique<\/p><\/div><\/div><\/a><\/div>\n\n\n\n<div class=\"guten-element guten-spacer guten-1V6LPd\"><\/div>\n\n\n\n<div class=\"guten-element guten-PvVWtG guten-icon-box icon-position-undefined\"><a class=\"\" href=\"http:\/\/alexisguenault.com\/?page_id=12959\" target=\"_blank\" rel=\"noreferrer noopener\"><div class=\"guten-icon-box-wrapper hover-from-left\"><div class=\"icon-box icon-box-header\"><div class=\"icon bg-style-color\"><i class=\"fas fa-align-justify icon-style-color\"><\/i><\/div><\/div><div class=\"icon-box icon-box-body\"><h2 class=\"title\"># 2<\/h2><p class=\"icon-box-description\">Du travail concret artistique : de quelques \u00e9l\u00e9ments socio-culturels<\/p><\/div><\/div><\/a><\/div>\n\n\n\n<div class=\"guten-element guten-spacer guten-lXxatw\"><\/div>\n\n\n\n<div class=\"guten-element guten-o3qm1S guten-icon-box icon-position-undefined\"><div class=\"guten-icon-box-wrapper hover-from-left\"><div class=\"icon-box icon-box-header\"><div class=\"icon bg-style-color\"><i class=\"fas fa-align-justify icon-style-color\"><\/i><\/div><\/div><div class=\"icon-box icon-box-body\"><h2 class=\"title\"># 3<\/h2><p class=\"icon-box-description\">De la valeur artistique<\/p><\/div><\/div><\/div>\n\n\n\n<div class=\"guten-element guten-spacer guten-G6Z0mX\"><\/div>\n","protected":false},"excerpt":{"rendered":"<p>Les restes du temps \/ R\u00e9flexions autour des \u00e9conomies artistiques Au sein de la crise actuelle que subit notre&nbsp;\u00e9cosyst\u00e8me \u2013 que l\u2019on nomme \u00e9conomie politique &#8211; il semble que la cat\u00e9gorie qu\u2019on appelle \u00ab&nbsp;Culture&nbsp;\u00bb ait perdu sa majuscule, la crise sanitaire r\u00e9cente ayant vid\u00e9 momentan\u00e9ment les lieux consacr\u00e9s de leurs publics. Pourtant, au-del\u00e0 de ce constat am\u00e8re, on peut se demander si cette crise dite sanitaire ne r\u00e9v\u00e8le pas les failles d\u2019une id\u00e9ologie qui, \u00e0 grands renforts de grands mots \u2013 pour ne pas dire de gros mots \u2013 pose paradoxalement l\u2019excellence culturelle (pour certains avec un grand \u00ab&nbsp;C&nbsp;\u00bb) comme<\/p>\n","protected":false},"author":1,"featured_media":0,"parent":0,"menu_order":0,"comment_status":"closed","ping_status":"closed","template":"","meta":{"footnotes":""},"class_list":["post-12976","page","type-page","status-publish","hentry"],"_links":{"self":[{"href":"http:\/\/alexisguenault.com\/index.php?rest_route=\/wp\/v2\/pages\/12976","targetHints":{"allow":["GET"]}}],"collection":[{"href":"http:\/\/alexisguenault.com\/index.php?rest_route=\/wp\/v2\/pages"}],"about":[{"href":"http:\/\/alexisguenault.com\/index.php?rest_route=\/wp\/v2\/types\/page"}],"author":[{"embeddable":true,"href":"http:\/\/alexisguenault.com\/index.php?rest_route=\/wp\/v2\/users\/1"}],"replies":[{"embeddable":true,"href":"http:\/\/alexisguenault.com\/index.php?rest_route=%2Fwp%2Fv2%2Fcomments&post=12976"}],"version-history":[{"count":2,"href":"http:\/\/alexisguenault.com\/index.php?rest_route=\/wp\/v2\/pages\/12976\/revisions"}],"predecessor-version":[{"id":12980,"href":"http:\/\/alexisguenault.com\/index.php?rest_route=\/wp\/v2\/pages\/12976\/revisions\/12980"}],"wp:attachment":[{"href":"http:\/\/alexisguenault.com\/index.php?rest_route=%2Fwp%2Fv2%2Fmedia&parent=12976"}],"curies":[{"name":"wp","href":"https:\/\/api.w.org\/{rel}","templated":true}]}}

<h2 class="wp-block-heading" style="font-size:22px;font-style:normal;font-weight:300">Les restes du temps / Réflexions autour des économies artistiques</h2>



<div class="guten-element guten-spacer guten-pdcwY6"></div>



<p>Au sein de la crise actuelle que subit notre&nbsp;écosystème – que l’on nomme <em>économie politique</em> &#8211; il semble que la catégorie qu’on appelle «&nbsp;Culture&nbsp;» ait perdu sa majuscule, la crise sanitaire récente ayant vidé momentanément les lieux consacrés de leurs publics.</p>



<p>Pourtant, au-delà de ce constat amère, on peut se demander si cette crise dite sanitaire ne révèle pas les failles d’une idéologie qui, à grands renforts de grands mots – pour ne pas dire de gros mots – pose paradoxalement l’excellence culturelle (pour certains avec un grand «&nbsp;C&nbsp;») comme indéfectiblement liée à la précarisation temporelle et économique de ses acteurs. Cet énorme paradoxe semble être devenu une évidence, un état naturel, faisant de ce mot fourre-tout qu’est LA CULTURE (alliance implicite du «&nbsp;Grand mot&nbsp;» et de la forme précaire de son élaboration)&nbsp;un des gros mots les plus partagés.</p>



<p>Dans les discours officiels, cette «&nbsp;culture&nbsp;» se consomme. Pour les «&nbsp;publics&nbsp;», cette catégorie correspond, temporellement parlant, au temps des loisirs&nbsp;: on se déplace pour voir une exposition, assister à une pièce de théâtre ou voir un film pendant son temps dit «&nbsp;libre&nbsp;», temporalité censée être abstraite de toute contrainte «&nbsp;productive&nbsp;» .</p>



<p>Et si ce que l’on va voir ou entendre a bien une réalité concrète – sonnante et trébuchante, pour reprendre quelques termes monétaires – c’est que ce qui est à voir ou à entendre a bien été PRODUIT. Ceci implique donc que ces «&nbsp;produits&nbsp;» sont le fruit d’un travail [concret]. Et ceux qui produisent l’essentiel de ces «&nbsp;objets culturels&nbsp;» &#8211; voire «&nbsp;cultuels&nbsp;» &#8211; sont, bien évidemment – et vous l’aurez compris – les artistes. </p>



<p>Or, le constat est sans appel : ces producteurs d&rsquo;objets artistiques &#8211; objets dont l&rsquo;essence est de devenir « choses publiques » &#8211; sont reconnus comme précaires, et ce malgré l&rsquo;aura sociale dont ils sont enveloppé (la fameuse exception culturelle).   </p>



<p>Si l&rsquo;artiste-précaire travaille &#8211; sans doute possible &#8211; il semble malgré tout difficile aujourd&rsquo;hui de considérer ce producteur comme « travailleur ».</p>



<p>Quelque chose coince, c&rsquo;est certain ! </p>



<p><em>Les restes du temps</em> est une suite de notes et réflexions qui questionnent &#8211; parfois jusqu&rsquo;à l&rsquo;absurde &#8211; l&rsquo;économie concrète de la production artistique au regard de son économie abstraite, ceci à partir du cadre aujourd&rsquo;hui rendu « naturel » au sein duquel cette catégorie sociale que nous appelons « artiste » évolue. </p>



<p>Alors si nous pouvons considérer cet « artiste » comme un des protagonistes d&rsquo;une histoire sociale en cours &#8211; celui-ci étant descendu de sa tour d&rsquo;ivoire &#8211; il est certain que l&rsquo;enjeu de ces questions artistiques se situe bien au delà de leur singularité, servant ici peut-être de levier à la question primordiale du rapport entre la temporalité productive sociale et la manière dont celle-ci se construit et se remplit &#8211; que produire et comment &#8211; permettant peut-être enfin de dépasser l&rsquo;injonction permanente qui est faite à notre égard, implicitement transmise sous forme de poésie cynique&nbsp;: <em>«&nbsp;Productivisme, mon amour…&nbsp;»</em> !</p>



<div class="guten-element guten-spacer guten-9jJdRj"></div>



<div class="guten-element guten-uilgVf guten-icon-box icon-position-undefined"><a class="" href="http://alexisguenault.com/?page_id=12944"><div class="guten-icon-box-wrapper hover-from-left"><div class="icon-box icon-box-header"><div class="icon bg-style-color"><i class="fas fa-align-justify icon-style-color"></i></div></div><div class="icon-box icon-box-body"><h2 class="title"># 1</h2><p class="icon-box-description">De la précarité en terre artistique</p></div></div></a></div>



<div class="guten-element guten-spacer guten-1V6LPd"></div>



<div class="guten-element guten-PvVWtG guten-icon-box icon-position-undefined"><a class="" href="http://alexisguenault.com/?page_id=12959" target="_blank" rel="noreferrer noopener"><div class="guten-icon-box-wrapper hover-from-left"><div class="icon-box icon-box-header"><div class="icon bg-style-color"><i class="fas fa-align-justify icon-style-color"></i></div></div><div class="icon-box icon-box-body"><h2 class="title"># 2</h2><p class="icon-box-description">Du travail concret artistique : de quelques éléments socio-culturels</p></div></div></a></div>



<div class="guten-element guten-spacer guten-lXxatw"></div>



<div class="guten-element guten-o3qm1S guten-icon-box icon-position-undefined"><div class="guten-icon-box-wrapper hover-from-left"><div class="icon-box icon-box-header"><div class="icon bg-style-color"><i class="fas fa-align-justify icon-style-color"></i></div></div><div class="icon-box icon-box-body"><h2 class="title"># 3</h2><p class="icon-box-description">De la valeur artistique</p></div></div></div>



<div class="guten-element guten-spacer guten-G6Z0mX"></div>

<p>Les restes du temps / Réflexions autour des économies artistiques Au sein de la crise actuelle que subit notre&nbsp;écosystème – que l’on nomme économie politique &#8211; il semble que la catégorie qu’on appelle «&nbsp;Culture&nbsp;» ait perdu sa majuscule, la crise sanitaire récente ayant vidé momentanément les lieux consacrés de leurs publics. Pourtant, au-delà de ce constat amère, on peut se demander si cette crise dite sanitaire ne révèle pas les failles d’une idéologie qui, à grands renforts de grands mots – pour ne pas dire de gros mots – pose paradoxalement l’excellence culturelle (pour certains avec un grand «&nbsp;C&nbsp;») comme</p>
